 + 4. Is j(r) a composite number?
True
Let t(m) = -m**3 + 4*m**2 + 2*m + 17. Let v be t(5). Suppose 2*o - 3*q - 228 = 74, -v*q - 306 = -2*o. Is o composite?
False
Suppose 18 = -w - 2*w. Let r be 3/w*-2 - -114. Let b = 236 - r. Is b a composite number?
True
Let z be (-32)/(-48)*10254/4. Let a = z + -348. Is a a composite number?
False
Suppose -563455 + 11513 = -82*d. Is d prime?
False
Let v be 2/8 - 4/16. Suppose v = q - 5, 2*q = -5*d + 6*d + 24. Is d/(-56) - 11030/(-8) composite?
True
Let g = -230 + -504. Let j = 1503 + g. Is j prime?
True
Let i = -13 - -14. Let b(l) = -2*l**3 + i - l + 1 + l**3 + 5. Is b(0) composite?
False
Suppose 4*m = -3*m - 434. Let d = -36 - m. Is d prime?
False
Suppose -3*l - 14 - 1 = 0, -2*l = -3*m + 71761. Is m composite?
False
Suppose 10*u - 14*u + 19504 = 0. Suppose -u = 48*l - 52*l. Is l composite?
True
Suppose 32578 = 11*a + 15*a. Is a composite?
True
Let q(d) = -1. Let m(a) = -36*a - 8. Let l(u) = m(u) + 2*q(u). Is l(-12) prime?
False
Suppose 0 = 4*l + 3*i - 673, -5*i + 4*i = -l + 177. Let y = -22 + 25. Suppose 435 = b + y*k, 635 = b - 4*k + l. Is b prime?
False
Suppose 0 = z - 7*z + 10506. Suppose -4*u + 2352 = 2*i, 5*i + z = 2*u + u. Is u composite?
False
Let s be (-81)/18*2/(-3). Let j(u) = u**3 - 3*u**2 - 4. Let c be j(s). Is (-1563)/(6/c*2) composite?
False
Let o(f) = f**2 - 4*f - 4. Let b be o(-2). Suppose -4820 = -12*p + b*p. Is p a composite number?
True
Suppose 3*k + 8 = -4*z, -k + 8 = -4*z - 0*z. Suppose k = -3*q - 2*q. Suppose s + 4*v - 89 = q, 94 = s - 0*v + 3*v. Is s a prime number?
True
Let a(b) = b**3 - 7*b**2 - b + 8. Let u be a(7). Is 0 - (u + -29 - 3) a prime number?
True
Suppose 5*o - 14*o = -2*k + 70433, 2*k - 70446 = -4*o. Is k composite?
False
Suppose l = -3*l + 16. Suppose g = 3*b - 9, 0*g + 2*b - 16 = l*g. Let q = g - -350. Is q prime?
True
Suppose 107 = -4*p + w, 3*w = 4*w - 3. Is p/91 - (-8838)/14 composite?
False
Let q = -36487 + 55680. Is q a composite number?
True
Let i = -10 + 39. Let h = 11 - 7. Let f = i + h. Is f composite?
True
Suppose 8151 = 5*l + 2*f - 2354, 4*l - 8416 = -4*f. Is l a prime number?
True
Let k be (61 - 0 - (-3 + 5))*-13. Let s = k - -1440. Is s prime?
True
Suppose -4*y = 3*w - 6455, -2*w + 3*y + 2670 = -1639. Is w a prime number?
True
Suppose 2*z - 4*z - 4*u - 244 = 0, -3*z - 2*u - 346 = 0. Let v = 11 - z. Is v composite?
True
Let s(p) = 17*p**2 + 4*p**2 + 25*p + 11 - 8*p**2. Is s(-13) a prime number?
False
Is (-110913)/(-297) - (0 + 8/18) a prime number?
True
Is ((-279)/(-12))/(-3 + 2535/844) composite?
True
Let c(s) = -s**2 - 4*s - 5. Let g be c(-2). Let q = -1 + g. Is (-4 + (q - -1))*-11 composite?
True
Let g = -18730 - -76067. Is g composite?
True
Suppose -2*k + 4*c + 30 = 0, -2*c - 7 = 3. Is (218*5)/k - 3 composite?
True
Let v(q) = 8*q**2 + 3*q - 98. Is v(21) a prime number?
False
Let c = 12 - 6. Suppose -3*b + b = -c. Suppose -4*v + 8*v + 281 = 3*o, 0 = 3*o + b*v - 246. Is o prime?
False
Is 6/15 + (-148465)/(-25) prime?
True
Let h(d) be the second derivative of -73*d**5/10 - d**4/12 + d**3/3 + d**2 + 4*d. Is h(-1) prime?
False
Let x(b) = -38*b**3 - 3*b**2 - 10*b + 5. Is x(-4) prime?
False
Let x be 0*(6/8 - (-8)/(-32)). Let u(p) = -p - 401. Let i(h) = -1. Let k(c) = 6*i(c) - u(c). Is k(x) prime?
False
Let s be (-3 - -2)/((-9)/3618). Suppose 658 = 3*n + 5*d, 0*n - 4*d - s = -2*n. Is n prime?
True
Suppose -638 - 2386 = -4*b. Suppose 2801 = 5*i + b. Is i a composite number?
False
Suppose -5*j + 950 + 390 = 2*o, -5*j + 3*o + 1315 = 0. Suppose -3*w - 678 = -i, -3*i + j + 1782 = 5*w. Is i a prime number?
False
Suppose 0 = 3*j - j - 8984. Suppose -10*x + 14*x = j. Is x a composite number?
False
Let t(i) be the first derivative of i**4/4 + 4*i**3 - 9*i**2 - 15*i - 402. Suppose -2*r - 2*r = 48. Is t(r) a prime number?
False
Let i(q) = 2*q**3 + 11*q**2 - 2*q + 2. Let l be i(-10). Let d = l + 1579. Is d a composite number?
False
Is 6 - (24/(-6) - 77701) a composite number?
False
Let g(s) be the second derivative of -25*s**3/3 - 41*s**2/2 - 11*s. Is g(-21) a prime number?
True
Suppose 45*p = -7*p + 1278940. Is p a composite number?
True
Let f(z) = z**2 - 17*z + 2. Let x be f(18). Is (-216)/(-5) - 4/x a composite number?
False
Let c be 5180/6 - (-3)/(-9). Let o(x) = -4*x**2 - 7*x + 116. Let y be o(-14). Let k = y + c. Is k composite?
False
Suppose 5*l - 9*l = -16012. Let u = l + -732. Is u a composite number?
False
Let g(n) be the third derivative of 71*n**5/20 - n**4/12 + 10*n**2. Is g(1) a prime number?
True
Suppose -3*g + 0*x - 5*x + 64 = 0, 0 = -2*g - 2*x + 40. Suppose -u - u + g = 0. Suppose -u*r - 1324 = -13*r. Is r composite?
False
Let u = 31 + -17. Suppose z + u = 3*z. Suppose z*h - 183 = 6*h. Is h a composite number?
True
Let a be (1087 - 5)*(3 - 2). Suppose -3*r + a = -r. Is r a composite number?
False
Let m(q) = -17*q**3 + 2*q**2 + 18*q - 20. Is m(-9) a composite number?
False
Let g(n) = -n**3 - 2*n**2 + 6*n + 9. Let o be g(-9). Let r = 197 + o. Is r a composite number?
False
Let r = -224 + 124. Is 309/4 + 25/r prime?
False
Let r(y) = -30*y**3 - y**2 - 15*y - 13. Is r(-5) a prime number?
False
Let m(j) = 169*j - 95. Is m(4) composite?
True
Suppose -i - 2*i - 45 = 0. Let q be i/(-6)*(-8)/(-5). Suppose -2*w = -2*h - h + 1225, 5*h = -q*w + 2049. Is h composite?
False
Is (2 + 179388/3)*10/20 a composite number?
True
Let p be 982/3 + (-4)/(-6). Let l = -166 + 85. Let t = p + l. Is t a prime number?
False
Let a(z) = -z**2 - z. Let f be a(-1). Let s be -4 - f - 7*-16. Let k = s - 29. Is k prime?
True
Let d = -10 - -28. Suppose 3*k - 6 = -d. Is (-198)/k + 1/(-2) a composite number?
True
Is 856083/161 - ((-27)/(-21) - 1) prime?
False
Suppose 8*b = 16 + 56. Let d(p) = p**3 - 12*p**2 + 14*p + 11. Let o(m) = 2*m**3 - 24*m**2 + 29*m + 22. Let w(f) = 5*d(f) - 3*o(f). Is w(b) a composite number?
False
Let s(o) = o**2 + 7*o + 3. Let b be s(-10). Let y be 3/(((-6)/400)/(-1)). Suppose i + 2*p = y + b, 451 = 2*i + p. Is i a composite number?
False
Let u = 799 + -320. Is u a prime number?
True
Let h be ((-6)/4 - (-1)/1)*4. Is (-1 + 6)/(h/(-10)) a prime number?
False
Let g(w) = 43*w**3 - w**2 - 9*w + 5. Is g(4) a composite number?
True
Let h(a) = 9276*a**2 + 26*a + 3. Is h(2) a composite number?
False
Let y(x) = -x**3 + 7*x**2 + 8*x + 2. Let r be y(8). Let f be 1/(-4)*r*0. Suppose -3*p + 333 + 345 = f. Is p composite?
True
Let z(h) = -2*h**3 - 3*h**2 - 2*h + 15859. Is z(0) composite?
False
Let a = -31 + 171. Suppose -5 = -10*l + 15. Suppose -82 = -l*v + a. Is v a composite number?
True
Let y = 21 - 11. Suppose 12*l = y*l + 1426. Is l a prime number?
False
Let d = -259 + 414. Suppose -3*o + 18 = 3*y, 27 - 3 = 4*o + 3*y. Let x = o + d. Is x a composite number?
True
Let p = 808 + -561. Is p a prime number?
False
Let h = 32888 - 19321. Is h prime?
True
Let w = 6029 - -38. Is w composite?
False
Suppose 4*i - 82531 = -3*s + 8*i, 55026 = 2*s - 4*i. Is s a prime number?
False
Suppose 6*s - 67 = 5*s. Suppose s - 146 = -j. Is j a composite number?
False
Suppose 0 = 9*a - 29*a + 28040. Is a prime?
False
Let n(o) = -8*o + 11. Let s(m) = -m - 19. Let u be s(-15). Is n(u) prime?
True
Suppose -39642 = -56*n + 50*n. Is n a composite number?
False
Suppose -5*u + 9*u - 2136 = 0. Suppose 0 = i - 3*i + u. Is i prime?
False
Let p be (-1 + 23)/(3 - 1). Is (p + 2)/(3/282*2) prime?
False
Let m(n) = n**3 + 14*n**2 - 26*n + 6. Let p be m(11). Suppose -5*w = -4*u + 2192, -5*u + 0*u = -5*w - p. Is u prime?
False
Let u be (-15)/1*(-2 + 3). Let g = u + 23. Let j(x) = x**2 + 3*x - 11. Is j(g) a prime number?
False
Suppose 4*q + 0*f + 3*f = 20, 0 = 4*q - 3*f - 20. Suppose g = -3*h + 4*h + 222, 3*g = q*h + 664. Is g composite?
False
Let s be (-1)/((-4)/8*(-1)/(-1)). Is (s - (5 - 4))*191 a prime number?
True
Is 36444/(-6)*(-5)/10 a composite number?
False
Let w(y) = 162*y**2 - 2*y - 5. Let t(g) = 163*g**2 - 3*g - 6. Let a(h) = -4*t(h) + 5*w(h). Is a(1) composite?
True
Let p = 15048 - 5657. Is p a prime number?
True
Let j(b) = -5*b - 10. Let x(p) = -5*p - 11. Let a(z) = -3*j(z) + 2*x(z). Let m be a(13). Let u = -39 + m. Is u a composite number?
True
Let x = -12 - -17. Suppose -3*q = x*b - 4*q - 2917, -2925 = -5*b + 5*q. Suppose -5*w + 3*u + 1043 = 0, -3*w = -4*u - b - 34. Is w composite?
False
Let v = 186 + 90